osite number?
False
Let t(r) = -7*r - 28. Let f be t(-4). Suppose 4*c - 1987 + 71 = f. Is c composite?
False
Let d = 758 + -1589. Let c = 135 - 557. Let l = c - d. Is l a composite number?
False
Let y be (-1)/((-22)/4470) - (-2)/(-11). Let n = y - 517. Let x = n - -455. Is x composite?
True
Let j be (-2)/(-6)*0 - -2. Suppose -581 = -t + j*l + l, -2*l + 581 = t. Is t composite?
True
Let p(d) = -553*d**3 - d**2 - 26*d - 61. Is p(-3) composite?
False
Let u = 12 - 20. Let j = u - -18. Suppose -j*x + 3990 - 620 = 0. Is x a prime number?
True
Let s = -228662 - -334111. Is s prime?
True
Suppose -252 = -4*a - 3*c, -2*c + 68 = -4*a + 5*a. Is (626910/a)/(-1*(-2)/4) composite?
False
Let x be (3 - 0)*(-7)/((-42)/8). Let z = -17 + 19. Suppose 5*i + x*d + d - 9485 = 0, 2*d + 3786 = z*i. Is i a composite number?
True
Let j be -201*1/(-3)*-693. Let f be j/(-81) - 4/18. Suppose -3*v + o - f = -2334, 2*v + 5*o = 1157. Is v a composite number?
True
Let j be 1 + 3/9*-9. Is 18/(-24)*(3393 + j)*-4 a prime number?
False
Let n = -99 - -101. Is ((-1)/n)/((-57490)/14372 - -4) a composite number?
False
Let b = -25 - -24. Let g be (-4)/(b - 3) + (0 - -1). Suppose -3*w + 45 + 67 = i, 0 = g*w - 10. Is i composite?
False
Let f = 1176893 + -345766. Is f a composite number?
True
Let n(d) = 7806*d + 7283. Is n(16) composite?
True
Let g be (539/(-44) - -13)*(-16)/(-6). Suppose r + x = -r + 554, r - 271 = x. Suppose 0*f - 4*f = -5*w - r, g*w - 124 = -2*f. Is f prime?
False
Let a(l) = 1031*l**2 + 56*l - 57. Let f(u) = 515*u**2 + 30*u - 28. Let i(r) = 3*a(r) - 5*f(r). Is i(4) a prime number?
True
Is (-4 + 4)*-1 + (7 - -84696) prime?
False
Let o(r) = -2*r**2 - 13*r - 16. Let b(a) = -3*a**2 - 12*a - 17. Let u(s) = 3*b(s) - 4*o(s). Let l be u(10). Let p = l - 18. Is p a composite number?
True
Let a = -165 + 175. Suppose a*s - 25944 = 5866. Is s prime?
True
Let w(a) = -a**2 - 23*a - 41. Let q be w(-18). Suppose q*k - 50*k + 1012 = 0. Suppose 2*o = 4*x - k, -4*x + 903 = -4*o - 109. Is x a prime number?
False
Let g = -45192 - -72279. Suppose 0 = -5*n + s + 45145, -s + 6*s + g = 3*n. Is n prime?
True
Let g(r) = 79*r**2 - 91. Let y be g(21). Suppose -24*c + 148 = -y. Is c a composite number?
True
Let w(l) = -5*l**3 - 9*l**2 - 9*l - 13. Let g(p) = 3 - 9*p + 8*p - 4*p**2 - 3 - 1. Let s be g(1). Is w(s) composite?
False
Let o = -99 + 103. Let m = 115 + -65. Suppose o*y - 666 - m = 0. Is y composite?
False
Let o be -4 - (3/((-9)/(-6)) - 3). Let g(t) = -425*t - 6. Let y be g(o). Let j = 368 + y. Is j composite?
False
Let q(d) = 65*d**2 - 4*d - 34. Let p be q(-9). Let j = p - 2830. Is j a prime number?
True
Let k(v) = -v**2 + 19*v + 40. Let c be k(21). Let o = 297 - c. Is o a composite number?
True
Let i(d) = 72*d**2 + 2*d + 533. Is i(34) a composite number?
False
Let q(y) = 2*y**3 + y + 1. Let s(c) = 12*c**3 - 11*c**2 + 12*c + 10. Let i(x) = -5*q(x) + s(x). Let v = -57 - -65. Is i(v) a prime number?
False
Let h = 1282840 + -854662. Suppose 28*z = -157222 + h. Is z prime?
True
Let x = 82069 + 97540. Is x composite?
True
Let n = 33303 + -15982. Is n a composite number?
False
Suppose -15 = 5*q, 39*v - 43*v + 171934 = 2*q. Is v a composite number?
True
Suppose -378 = 3*n - 10*n. Suppose 0 = 37*q - n*q + 209695. Is q a prime number?
False
Suppose -4*a - 2*w + 102 = -0*w, 5*w + 70 = 3*a. Suppose -a = 12*g - 169. Suppose 9*r = g*r - 5193. Is r a composite number?
True
Let a(n) be the third derivative of 29*n**5/20 + 5*n**4/24 + 2*n**3/3 + 2*n**2 - 10. Is a(-10) a prime number?
False
Let y be -2 + ((-5)/(15/(-6)) - -1). Let n(s) = 403*s**3 + s**2. Let k be n(y). Let p = 709 - k. Is p a prime number?
False
Let j be -2 - (3 + 0) - -17. Is (-4)/(-18) - (473427/(-81) - j) a composite number?
False
Let a = 5143 - -976. Is a a composite number?
True
Suppose -15 = -6*d - 3. Suppose -96 = d*s - 8*s. Suppose -8408 = -4*g - 3*w, 5*w - w - s = 0. Is g composite?
False
Let k = -11683 - -7885. Let o = 6545 + k. Is o prime?
False
Let j be ((-1)/(-1))/(6/24*2). Let y be (209/j)/(1/16). Suppose 155 - y = -t. Is t prime?
False
Suppose -7 = 3*n + m, 2*m + 3 = 5*n - 0*n. Let i be n + (89 - (-4 + 1)). Suppose i = g + 4*a, -g = 3*g + 3*a - 338. Is g a composite number?
False
Let j(a) = a - 2*a**2 + 4*a**3 + 6*a**2 + 5*a + 1 + 0*a**2 - 2. Is j(9) a composite number?
True
Suppose 3*j + 253 = -350. Let h = 320 + j. Is h a composite number?
True
Let l be 6/(-39) - (-4484)/247. Let c = 49 + l. Is c a composite number?
False
Let f = 331618 + -180341. Is f a prime number?
False
Let a be (0 + -4 - (-3 - 2))*9. Let v(o) = 36*o + 28*o - 15 - 12*o. Is v(a) a composite number?
True
Let r(o) = 3138*o**3 - 3*o**2 + 29*o + 1. Is r(5) composite?
False
Let f(u) = 2*u - 18. Let g be f(10). Let c be ((-8)/(-3))/(g/3). Suppose -2*w = 5*m - 1119, -7*m - w + 671 = -c*m. Is m a prime number?
True
Let z(r) = r**2 + 4*r + 8. Let p be z(-4). Let f be (p + -8)/(6/3). Suppose f = -5*n + 1802 - 477. Is n composite?
True
Let f be 7/(-11 - 3)*-2. Is f + 1 - (-2528 + 27) composite?
False
Is ((-232)/174 - 176462/(-6)) + (-8)/(-4) a prime number?
True
Let u be (18/4)/(66/(-352)). Is 12/u*3457*-2 composite?
False
Suppose -4*g + 55 = -29. Let k be 742/6 - 14/g. Suppose -503 = -10*n - k. Is n prime?
False
Let s = 103936 + -31779. Is s a composite number?
True
Let g be -2 - -6 - -2 - (-2)/(-1). Let a be (-10 - -7)/((-3)/g). Suppose 6*f = a*f + 66. Is f prime?
False
Let l = 565 - 1775. Let r = 1899 + l. Is r a prime number?
False
Suppose -4*n - 135*h + 54584 = -138*h, -5*h + 20 = 0. Is n prime?
True
Let a(k) = 12*k**3 + 12*k**2 + 24*k - 32. Let z be a(-15). Let g = z + 65095. Is g prime?
True
Let u(m) = 9*m**2 + 11*m + 49. Suppose -5*x + 3*t + 38 = -x, 59 = 5*x + 2*t. Is u(x) prime?
True
Suppose 4*g + 5*v - 3920132 = 0, v - 581673 = -g + 398360. Is g composite?
True
Let l(c) = 11*c + 27. Let w(s) = -1. Let u(i) = l(i) + 2*w(i). Suppose -5*z + 69 = 3*p, -5*z + 28 + 26 = -2*p. Is u(z) prime?
True
Let d(p) = -501*p + 14. Let y be d(-10). Suppose f = -1, -2*r - 2*f = -4*r + y. Suppose -1 = 2*h + 1, 2*u - 5*h = r. Is u a prime number?
False
Let k(p) = -95*p**2 + 18*p - 8. Let s(r) = 286*r**2 - 53*r + 25. Let z(g) = 8*k(g) + 3*s(g). Let l be (2/4)/(32/384). Is z(l) prime?
True
Suppose -k + 4*k = j - 67, k - 4*j + 37 = 0. Let l be k/(-15)*(-2 - -7). Is 4/l + (-16666)/(-14) a prime number?
False
Let b = 15 + -11. Let q(p) = -2*p + b*p + 46 + 397 + p. Is q(0) prime?
True
Let j(y) = y**2 + 11. Let v be j(0). Let h(i) = 6*i + 7 - v*i + 4*i**2 - i**3 + 0. Is h(-5) composite?
False
Suppose 0 = 3*j + 9, 17*j - 19*j = -4*y + 2652946. Is y prime?
False
Let l(h) = -2*h**2 + 47*h - 23. Let d be l(23). Let q(o) = -40*o + 677. Is q(d) prime?
True
Let m(t) = 82*t**2 - 8*t - 10. Let x be m(7). Suppose -65 = -3*r - 59. Suppose -a + x = 4*b, -b + 4*a - 973 = -r*b. Is b prime?
False
Let x(b) be the first derivative of 29*b**3/3 + 13*b**2/2 + 35*b + 61. Is x(-9) a composite number?
False
Suppose -3*a - 5*k = -290, 4*k - 2*k - 98 = -a. Suppose -a = 16*h - 6*h. Let f(x) = -2*x**3 - 12*x**2 - 2*x + 23. Is f(h) prime?
False
Let g(p) = p + 13. Let j(c) = -4*c - 64. Let v(t) = -16*g(t) - 3*j(t). Let f be v(-4). Is (6 + f + 1)*89 a prime number?
False
Let k(w) be the first derivative of -9*w**5/20 - 3*w**4/4 - 3*w**3/2 - 13*w**2/2 - 29*w - 24. Let v(d) be the first derivative of k(d). Is v(-6) composite?
True
Let t(k) = -1699*k - 30. Let q be t(-7). Suppose 4*l - q = -a + 184, 5*l = -15. Is a a composite number?
True
Let r(i) = 24471*i**2 - 2*i - 4. Is r(-1) prime?
True
Let k(o) = -30*o**2 - 15*o + 30. Let i be k(25). Let t = i + 36512. Suppose 1512 - t = -5*c. Is c composite?
False
Suppose -13*s + 5*s = 32. Let d be s/(-8) + (-7578)/(-4). Suppose 22*j = 27*j - d. Is j a prime number?
True
Let c = 41829 + -2548. Is c a prime number?
False
Let c(q) = -12*q**3 - 7*q - 11. Let o(j) = -13*j**3 - 6*j - 10. Let z(r) = 4*c(r) - 3*o(r). Let b(n) = -n**2 + 353*n + 1421. Let p be b(-4). Is z(p) composite?
True
Let n = -131215 + 360744. Is n a prime number?
True
Let g(b) = 12*b + b + 0 + 1001*b**2 + 9*b - 1 + 2. Is g(2) prime?
True
Suppose 5*y = -5*s + s - 17, -5*s - 5 = 3*y. Suppose -6*b + s*b + 12 = 0, b - 1 = j. Suppose -t - 2*o - 2*o - j = 0, 4*o = -3*t + 10. Is t prime?
False
Suppose 3144251 =